 common factor of w and 14?
14
Let a(v) = v**3 - 2*v**2 - 1. Let i be a(-4). Let x = 169 + i. Calculate the greatest common factor of 18 and x.
18
Let r be (-7 - -14) + 1 + 2. What is the highest common divisor of r and 80?
10
Let b be (-71)/(-5) - (-12)/15. What is the highest common divisor of b and 105?
15
Let u be 58*-1*2/4. Let q = u - -53. Suppose 0 = -539*p + 547*p - 128. Calculate the greatest common divisor of q and p.
8
Let g = -21 - -35. Let o = 248 - 150. Calculate the highest common divisor of o and g.
14
Let b(y) = y**3 + 8*y**2 + 2*y + 8. Let c be b(-6). Calculate the greatest common divisor of 34 and c.
34
Let i = 32 + -14. Suppose 20 = -5*z, -o + z = 2*z - 41. Calculate the highest common factor of i and o.
9
Suppose 3*x = 8*x - 15. Let y = 3 - 1. Calculate the highest common factor of y and x.
1
Let y = 17 - 5. Let v be 4/6*(0 - -3). What is the highest common divisor of y and v?
2
Suppose -16*k + 10*k + 1080 = 0. What is the highest common factor of k and 20?
20
Suppose -21 - 19 = -2*i. Calculate the highest common divisor of 10 and i.
10
Let n = 13 - 6. Suppose 25 - n = 3*x. What is the highest common divisor of 54 and x?
6
Let x be 3 - 1 - (-3 - -7). Let u = 2 + x. Suppose u = -h + 9 - 0. Calculate the greatest common factor of 1 and h.
1
Let z = 26 + -15. Calculate the greatest common divisor of 99 and z.
11
Let k be (2/(-1))/(3/(-240)) - 0. What is the highest common divisor of 64 and k?
32
Suppose 220 = 5*t - 0*t. Suppose 0 = 4*f - q - 21, -3 - 2 = 5*f + 5*q. What is the highest common divisor of t and f?
4
Suppose -29*v = -20*v - 1368. What is the highest common factor of 38 and v?
38
Suppose 2*m + 2*c = 5*m - 34, m = 4*c - 2. What is the greatest common divisor of 98 and m?
14
Suppose 3*l = 5*b - 61, 0*b - 3*b + 23 = 5*l. Let q = b + -8. Let c(m) = 5*m**2 - m - 2. Let s be c(q). What is the highest common divisor of 8 and s?
8
Let x(w) = w**2 + 7*w - 1. Let n be x(-8). Suppose -k = n - 34. What is the greatest common divisor of k and 3?
3
Let u(d) = d**3 + 4*d**2 - 5*d + 3. Let i be u(-5). Let l be 4/2*6/i. Let v be (l/5)/(1/20). What is the highest common factor of 32 and v?
16
Let z be ((-9)/(-6))/((-6)/(-32)). Suppose 0*x = -x - 23. Let q = x - -35. What is the highest common factor of q and z?
4
Let k be ((-144)/(-24))/(-1 - 14/(-8)). What is the highest common divisor of k and 2?
2
Let x(k) be the third derivative of -k**4/24 + 2*k**3/3 + k**2. Let r be x(-7). Suppose -4*q - q + 55 = 0. What is the greatest common divisor of q and r?
11
Suppose -3 = -j, -3*r + 8 = -5*r - 4*j. Let m = 25 + r. Calculate the greatest common divisor of 30 and m.
15
Let m(v) = -3 + 4 + v**3 - 2 + 2 - 4*v**2. Let d be m(5). Let j = -78 + 143. What is the highest common divisor of j and d?
13
Let f(k) = k + 7. Let s be f(10). Suppose -5*o - 7 = -s. Let x be (3 - 1)*(-10)/(-2). Calculate the greatest common factor of o and x.
2
Suppose -8 = 2*w, 3*u + 6*w - 4 = 4*w. Let g(n) = -13*n + 3 + 1 - u. Let x be g(-1). What is the highest common divisor of 65 and x?
13
Suppose 134 = -5*k - 101. Let u = 81 - k. What is the highest common factor of 16 and u?
16
Suppose 0 = -5*v + 3*q + 51, 3*v + 0*q - 39 = -q. Suppose 3*z - 7*z + 93 = f, 2*z = 4*f - 408. Let k = -53 + f. What is the highest common factor of k and v?
12
Suppose 0*y - 5 = -5*y. Let h = 5 - y. Suppose 60 = -3*j + 6*j. What is the highest common factor of j and h?
4
Suppose v + 3*v + 4*x = -20, 4*v = -5*x - 25. Let r = v - -3. Calculate the highest common divisor of r and 33.
3
Let i = -9 + 27. What is the highest common divisor of i and 6?
6
Suppose -7 - 15 = -2*y + 3*z, 5*z = -3*y - 5. Calculate the highest common factor of 2 and y.
1
Let i be (-9)/(-27) + (-28)/(-6). Let c = 8 - -17. Calculate the greatest common factor of i and c.
5
Suppose -17*m = -19*m + 572. What is the greatest common divisor of m and 26?
26
Let g be 6/(-1 + 4)*2. Suppose -f + 45 = g*f. What is the greatest common divisor of f and 99?
9
Let c(i) = i**3 + 10*i**2 + 9*i + 2. Let w be c(-9). Let n be w/5 + (-26)/(-10). Suppose -5*b + 52 = -53. What is the highest common divisor of b and n?
3
Let x be (-1)/((-1)/322) + 6/(-2). What is the highest common divisor of x and 29?
29
Suppose 3*w - 5*g + 3 = 79, 0 = -5*w - 4*g + 176. Let q = w + -21. Let k be (1 - -2)/3*11. Calculate the highest common factor of q and k.
11
Suppose -2*v - x + 18 = 0, 0 = -5*v + 3*v + 4*x + 8. Suppose 4*a - 160 = -a. Calculate the greatest common factor of v and a.
8
Suppose -2*p + 2*v - 6*v + 12 = 0, 0 = -p - 5*v + 3. Let l = 196 - 180. Calculate the highest common divisor of l and p.
8
Let i be 6120/56 + (-4)/14. Let n = i - 64. What is the highest common divisor of n and 30?
15
Let k be (2/(-4))/((-4)/192). Let i = -17 + k. Let l = 146 + -90. Calculate the greatest common divisor of i and l.
7
Let d = 6 + 8. Suppose 5*i = 6*i - d. What is the greatest common factor of 84 and i?
14
Suppose 8 + 13 = 3*w. Let k be 412/60 - (-2)/15. Calculate the highest common factor of w and k.
7
Suppose -99 = -5*b + 16. Let u = b + -51. Let i = u + 43. Calculate the greatest common factor of 10 and i.
5
Suppose -2*j - 18 = -5*j. Suppose 60 = -2*p + j*p. Calculate the highest common factor of 75 and p.
15
Suppose 3*b = -2*p - 6, 4 + 0 = 3*p - 2*b. Suppose p = -3*z + 2 + 43. What is the greatest common factor of 6 and z?
3
Let b = 201 + -198. Suppose -3*i + 2*v = -5*i + 6, 5 = 5*v. Calculate the highest common divisor of i and b.
1
Let x(g) = g**2 - g - 9. Let c = 7 + -15. Let h be x(c). What is the highest common factor of h and 7?
7
Suppose -30 = -3*d - 0*d. Calculate the highest common divisor of 50 and d.
10
Let f be 40/18 + (-2)/9. Suppose 12 + 14 = f*k. Let n be 1/(1/(k - 1)). Calculate the highest common factor of n and 8.
4
Suppose -5*a + 0*j + 3*j + 347 = 0, -a + j = -71. Suppose -2*f - 5*r + 57 = 4, -a = -3*f + 5*r. Let q = 15 - 11. What is the greatest common divisor of q and f?
4
Suppose 6 = g + 2*g. Suppose -97 = -5*k + g*l, 4*k + 6 = -l + 94. What is the greatest common divisor of k and 3?
3
Suppose j = 3*c + 76, 5*j + 2*c = 4*c + 406. Calculate the greatest common divisor of 205 and j.
41
Let v(t) = 11*t - 9. Let l be v(9). Let h = 30 + -12. What is the greatest common factor of h and l?
18
Let a(o) = 12*o**2 + 2*o - 2. Let u be a(-6). Suppose -3*r = 22 - u. Suppose -24*j - 58 = -346. Calculate the greatest common divisor of j and r.
12
Suppose -17 - 19 = -4*o. What is the greatest common factor of 9 and o?
9
Let r = 0 - -5. Suppose -2*o - 5*u = o - 69, 0 = 3*o - r*u - 39. Calculate the greatest common divisor of o and 6.
6
Let g = 70 + -40. What is the greatest common divisor of 330 and g?
30
Let u = -1 + 16. Let x be u/35 + (-274)/(-14). What is the greatest common factor of 30 and x?
10
Let v(x) = 15*x + 4. Let z be v(3). Suppose d - 15 = -2*d. Suppose -d*q - 604 = -5*b - z, -2*b + 219 = -5*q. What is the highest common divisor of 14 and b?
14
Let z = -4 + 8. Let n = -65 + 40. Let i = n - -53. Calculate the highest common divisor of i and z.
4
Let d(q) = 30*q. Let m be d(7). What is the highest common factor of m and 30?
30
Let f be (-3 + -8)/(8/(-6) - -1). Calculate the greatest common factor of 3 and f.
3
Suppose -5*z = 2*n - 35, 3*z + 2*z = 3*n + 10. Suppose 0 = -n*t + 10 + 15. Calculate the highest common divisor of t and 5.
5
Let w be 3*(-3 + 2 - -3). Suppose -9*p - 105 = -w*p. Let s = p + 60. What is the highest common divisor of s and 10?
5
Let k(s) = -1 - s**2 - 3*s + 2*s + 0*s - 6*s**3. Suppose 2*a + 3 = -a. Let h be k(a). What is the highest common divisor of 45 and h?
5
Let m(g) = -g**3 + 7*g**2 - 9*g + 1. Let h be m(4). What is the highest common divisor of 325 and h?
13
Let p(b) = -b**3 - 4*b**2 + 7*b - 8. Let m be p(-6). Let r = -6 + 11. Suppose -x = 4*i - 14, x - 5 - 12 = -r*i. Calculate the highest common factor of x and m.
2
Suppose -n = n - 72. Suppose -4*o + n = u, 0*u = 2*u - 2*o - 22. Let b(c) = -c**2 + 16*c - 61. Let p be b(9). Calculate the greatest common divisor of u and p.
2
Suppose -5*x - 4*j + 304 = 0, -2*x - 2*x + 236 = -4*j. Calculate the highest common divisor of x and 150.
30
Let g(h) = -10*h - 34. Let r be g(-30). Calculate the highest common divisor of 38 and r.
38
Let o be 3/(12/80) - 3. What is the